, what is 19 - 9?
10
In base 13, what is 1 - 1?
0
In base 4, what is -11032 + 102?
-10330
In base 14, what is 6 - 99?
-93
In base 4, what is -30 - -12031?
12001
In base 3, what is 101 + -201?
-100
In base 7, what is 1 - -646?
650
In base 8, what is -5262 + 2?
-5260
In base 5, what is 230 + -1?
224
In base 16, what is -2 - -1010?
100e
In base 7, what is 263 + 5?
301
In base 6, what is 1 - -1412?
1413
In base 4, what is 3 + 11123?
11132
In base 6, what is 521 - 3?
514
In base 11, what is -1 + -305?
-306
In base 3, what is -200 - -1201?
1001
In base 3, what is -10 - 2220?
-10000
In base 4, what is 10 + 22031?
22101
In base 4, what is 3 - 1012103?
-1012100
In base 2, what is 0 - 1110100?
-1110100
In base 13, what is 4 - -839?
840
In base 7, what is 25 + -34?
-6
In base 10, what is -96 + 4?
-92
In base 8, what is -1 + 47?
46
In base 14, what is c - 7a?
-6c
In base 5, what is 2031 - 1?
2030
In base 16, what is -d - 35c?
-369
In base 5, what is -10310 + 1?
-10304
In base 4, what is -30 + -2002?
-2032
In base 12, what is 32 - -b?
41
In base 11, what is 70 - -4?
74
In base 2, what is 1001 + 11000101?
11001110
In base 13, what is 1a10 - 1?
1a0c
In base 9, what is -2038 - 1?
-2040
In base 13, what is -94 - 0?
-94
In base 10, what is -5 + -5?
-10
In base 14, what is -13ad - -5?
-13a8
In base 8, what is 5 - -1?
6
In base 16, what is -fa + c?
-ee
In base 16, what is -4 - cb?
-cf
In base 3, what is -21 - 111?
-202
In base 10, what is -21 - 14?
-35
In base 4, what is 11 - 110?
-33
In base 4, what is 103 + -3?
100
In base 12, what is -3 - -2104?
2101
In base 11, what is 3 - 148?
-145
In base 10, what is -19 + -25?
-44
In base 14, what is -14 + -13?
-27
In base 6, what is 5 + 1133?
1142
In base 2, what is 1100101011 - -11?
1100101110
In base 12, what is 13 - 3?
10
In base 7, what is -13 - 3421?
-3434
In base 9, what is -170 - -5?
-164
In base 12, what is -b3 - -6?
-a9
In base 15, what is 0 + -b6?
-b6
In base 3, what is 10100 + 12?
10112
In base 9, what is -17 + 102?
74
In base 8, what is -3 - -17?
14
In base 12, what is -2 - 6b?
-71
In base 11, what is 447 + 4?
450
In base 9, what is -73 - 16?
-100
In base 10, what is 590 - -1?
591
In base 9, what is 12466 + 4?
12471
In base 9, what is 87 - 65?
22
In base 2, what is 10011110 - 101?
10011001
In base 16, what is 1 - -bba?
bbb
In base 4, what is -3 - -331?
322
In base 11, what is -3 - -1?
-2
In base 11, what is -12 + -45?
-57
In base 7, what is -3 - -13?
10
In base 15, what is -2 + -36?
-38
In base 2, what is -11 + -101111?
-110010
In base 16, what is -6 - 153?
-159
In base 9, what is -15714 + -1?
-15715
In base 2, what is 100111 - -1010?
110001
In base 11, what is 450 - -8?
458
In base 14, what is 1 + 117?
118
In base 7, what is 4 + 122?
126
In base 10, what is 21 - -81?
102
In base 6, what is 2125 + 4?
2133
In base 13, what is -299 - -2?
-297
In base 11, what is -5 - 130?
-135
In base 5, what is 34212 - -1?
34213
In base 12, what is 819 + 2?
81b
In base 3, what is -21220 - 1?
-21221
In base 11, what is -3 - -37?
34
In base 5, what is 234 + -2?
232
In base 6, what is -4003 + -3?
-4010
In base 4, what is 3 - 1122?
-1113
In base 16, what is 10 + 3d?
4d
In base 15, what is 4b6 - -4?
4ba
In base 6, what is 3 + 532?
535
In base 4, what is -1003032 - 0?
-1003032
In base 7, what is -205 + -3?
-211
In base 11, what is 58 - -190?
238
In base 6, what is -1314 - -2?
-1312
In base 8, what is 0 + -26?
-26
In base 16, what is 14a + 3c?
186
In base 12, what is 1722 - -4?
1726
In base 10, what is 85 + -3?
82
In base 12, what is -259 - -2?
-257
In base 11, what is -2 - 119?
-120
In base 2, what is 10 - 11111101?
-11111011
In base 7, what is 0 + 0?
0
In base 10, what is 5 + -42?
-37
In base 6, what is -10 - -1252?
1242
In base 7, what is 355 - 116?
236
In base 4, what is 2200 - -1?
2201
In base 6, what is -1133 - 1?
-1134
In base 2, what is -1010000 - 11111?
-1101111
In base 10, what is 8 + 4?
12
In base 8, what is -23 - 310?
-333
In base 4, what is -20 + 120131?
120111
In base 2, what is -110111 + 101010?
-1101
In base 3, what is -1 + -1011000?
-1011001
In base 13, what is 5a - 62?
-5
In base 5, what is -1303 - 21?
-1324
In base 3, what is 12 - -1022110?
1022122
In base 3, what is -11 - 211002?
-211020
In base 14, what is 635 - -5?
63a
In base 3, what is 21211 - -10?
21221
In base 6, what is 452 - -1?
453
In base 10, what is 733 + -5?
728
In base 14, what is 8 - -6c?
76
In base 10, what is -17 + -26?
-43
In base 11, what is 1 + -11?
-10
In base 5, what is 1022 - 21?
1001
In base 13, what is 151 + -5?
149
In base 8, what is 4 - 210?
-204
In base 9, what is -130 - -67?
-52
In base 7, what is -160 + 4?
-153
In base 7, what is 3 + -52?
-46
In base 4, what is 10 - -303?
313
In base 5, what is 240 + -3?
232
In base 7, what is -4 + -41?
-45
In base 9, what is -11 - 513?
-524
In base 16, what is 3 + 5?
8
In base 9, what is 1814 - 1?
1813
In base 12, what is 463 + -2?
461
In base 6, what is 25 - 33?
-4
In base 3, what is -10102 - 21?
-10200
In base 14, what is 3 - d75?
-d72
In base 4, what is -320003 - 2?
-320011
In base 2, what is 0 - -10001?
10001
In base 13, what is 0 - 46?
-46
In base 5, what is -2 - 1414?
-1421
In base 16, what is -6 - -26?
20
In base 15, what is 15 + -a6?
-91
In base 5, what is 4 - 40?
-31
In base 7, what is 0 + -3056?
-3056
In base 6, what is 14011 - 0?
14011
In base 16, what is -6 + 6e?
68
In base 12, what is -2 - -1ba2?
1ba0
In base 3, what is -221112 + -12?
-221201
In base 6, what is -52543 - 1?
-52544
In base 9, what is 1 - -144?
145
In base 13, what is -78 - 2?
-7a
In base 11, what is 1 - -17a?
180
In base 15, what is 115 + -8?
10c
In base 3, what is -2001 + 212?
-1012
In base 6, what is 1 - -2050?
2051
In base 13, what is 4b6 + -1?
4b5
In base 13, what is a6 + a?
b3
In base 15, what is -3cc + 2?
-3ca
In base 13, what is 32c + 2?
331
In base 15, what is -6 - e45?
-e4b
In base 11, what is 9 + a2?
100
In base 16, what is -29 - 3?
-2c
In base 12, what is 1 - -12?
13
In base 8, what is 62 + 215?
277
In base 6, what is -304 - -5?
-255
In base 15, what is 175 - -2?
177
In base 3, what is 121112 - 20?
121022
In base 10, what is 0 - -7963?
7963
In base 4, what is 332 + -1?
331
In base 16, what is -8 - -57?
4f
In base 3, what is -1100002 + -1?
-1100010
In base 4, what is -10 - 1331?
-2001
In base 4, what is -2022 + -120?
-2202
In base 3, what is 212 - -201?
1120
In base 13, what is -402 + -c?
-411
In base 13, what is 5 - -51?
56
In base 16, what is 374 + -4?
370
In base 11, what is 2670 + -3?
2668
In base 7, what is -652 + 2?
-650
In base 13, what is -4 - 392?
-396
In base 3, what is 22 - -110210?
111002
In base 4, what is -120012 - 1?
-120013
In base 2, what is 1101 + -1000?
101
In base 9, what is -6434 + 5?
-6428
In base 6, what is -2 - -50?
44
In base 9, what is -2 + 234?
232
In base 2, what is -10101 - -100001?
1100
In base 10, what is 175 + -13?
162
In base 4, what is -130 + 130?
0
In base 8, what is -4 + -4071?
-4075
In base 9, what is -1 - -184?
183
In base 3, what is 11010221 - 12?
11010202
In base 14, what is 139d + -1?
139c
In base 3, what is 20222021 + -10?
20222011
In base 15, what is 8 - -14?
1c
In base 16, what is -24 - -1?
-23
In base 8, what is -2020 + 13?
-2005
In base 6, what is 1 + 34?
35
In base 6, what is -322 - 5?
-331
In base 3, what is -12011202 + 0?
-12011202
In base 4, what is 2 + 2033?
2101
In base 12, what is -8 + 169?
161
In base 16, what is -2 - 21?
-23
In base 13, what is 143 - -7?
14a
In base 3, what is 11 + -10121022?
-10121011
In base 4, what is -11032 + 0?
-11032
In base 10, what is -866 - -4?
-862
In base 2, what is -100 - 10100111?
-10101011
In base 14, what is 1091 + -5?
108a
In base 15, what is 6 + -3d?
-37
In base 5, what is -40213 - 3?
-40221
In base 2, what is 110 - -1001110?
1010100
In base 14, what is -180 - -3?
-17b
In base 12, what is 4 - -26?
2a
In base 6, what is 134 - -122?
300
In base 5, what is -4 + -12?
-21
In base 9, what is 267 - 48?
218
In base 5, what is -401 + 4?
-342
In base 9, what is 7 + -87?
-80
In base 2, what is -101111 - 1010?
-111001
In base 2, what is 101 - -110111?
111100
In base 12, what is -11 + 98?
87
In base 5, what is 240402 - 1?
240401
In base 6, what is -1 + -53?
-54
In base 7, what is 1 + -666?
-665
In base 15, what is 13 - -19?
2c
In base 